{"id":2,"date":"2023-01-12T19:23:45","date_gmt":"2023-01-12T19:23:45","guid":{"rendered":"https:\/\/prokrastynator.com.pl\/?page_id=2"},"modified":"2024-09-03T12:39:10","modified_gmt":"2024-09-03T12:39:10","slug":"sample-page","status":"publish","type":"page","link":"https:\/\/prokrastynator.com.pl\/","title":{"rendered":"ProkrastynatoR"},"content":{"rendered":"\t\t<div data-elementor-type=\"wp-page\" data-elementor-id=\"2\" class=\"elementor elementor-2\">\n\t\t\t\t\t\t\t\t\t<section class=\"elementor-section elementor-top-section elementor-element elementor-element-13c47252 elementor-section-boxed elementor-section-height-default elementor-section-height-default\" data-id=\"13c47252\" data-element_type=\"section\">\n\t\t\t\t\t\t<div class=\"elementor-container elementor-column-gap-default\">\n\t\t\t\t\t<div class=\"elementor-column elementor-col-100 elementor-top-column elementor-element elementor-element-7a75cd9a\" data-id=\"7a75cd9a\" data-element_type=\"column\">\n\t\t\t<div class=\"elementor-widget-wrap elementor-element-populated\">\n\t\t\t\t\t\t\t\t<div class=\"elementor-element elementor-element-61dc80f8 elementor-widget elementor-widget-text-editor\" data-id=\"61dc80f8\" data-element_type=\"widget\" data-widget_type=\"text-editor.default\">\n\t\t\t\t<div class=\"elementor-widget-container\">\n\t\t\t<style>\/*! elementor - v3.10.0 - 09-01-2023 *\/\n.elementor-widget-text-editor.elementor-drop-cap-view-stacked .elementor-drop-cap{background-color:#818a91;color:#fff}.elementor-widget-text-editor.elementor-drop-cap-view-framed .elementor-drop-cap{color:#818a91;border:3px solid;background-color:transparent}.elementor-widget-text-editor:not(.elementor-drop-cap-view-default) .elementor-drop-cap{margin-top:8px}.elementor-widget-text-editor:not(.elementor-drop-cap-view-default) .elementor-drop-cap-letter{width:1em;height:1em}.elementor-widget-text-editor .elementor-drop-cap{float:left;text-align:center;line-height:1;font-size:50px}.elementor-widget-text-editor .elementor-drop-cap-letter{display:inline-block}<\/style>\t\t\t\t<p><span style=\"color: #ffffff;\">Zesp\u00f3\u0142 za\u0142o\u017cony w roku 2016 przez grup\u0119 przyjaci\u00f3\u0142. Po wielu rotacjach w sk\u0142adzie dopiero w roku 2022 udaje si\u0119 uformowa\u0107 stabilny sk\u0142ad oraz wyda\u0107 sw\u00f3j pierwszy singiel. Prokrastynator to spora dawka klasycznego heavy metalu utrzymana w klasycznych ramach gatunku. Zapadajace w pami\u0119\u0107 riffy gitarowe oraz g\u0142\u0119bokie przes\u0142anie spowoduje \u017ce z\u0142apiecie wiatr we w\u0142osach na tej autostradzie d\u017awi\u0119k\u00f3w.<\/span><br><br><\/p>\t\t\t\t\t\t<\/div>\n\t\t\t\t<\/div>\n\t\t\t\t\t<\/div>\n\t\t<\/div>\n\t\t\t\t\t\t\t<\/div>\n\t\t<\/section>\n\t\t\t\t\t\t\t<\/div>\n\t\t","protected":false},"excerpt":{"rendered":"<p>Zesp\u00f3\u0142 za\u0142o\u017cony w roku 2016 przez grup\u0119 przyjaci\u00f3\u0142. Po wielu rotacjach w sk\u0142adzie dopiero w [&hellip;]<\/p>\n","protected":false},"author":1,"featured_media":0,"parent":0,"menu_order":0,"comment_status":"closed","ping_status":"closed","template":"","meta":{"footnotes":""},"class_list":["post-2","page","type-page","status-publish","hentry"],"_links":{"self":[{"href":"https:\/\/prokrastynator.com.pl\/index.php?rest_route=\/wp\/v2\/pages\/2","targetHints":{"allow":["GET"]}}],"collection":[{"href":"https:\/\/prokrastynator.com.pl\/index.php?rest_route=\/wp\/v2\/pages"}],"about":[{"href":"https:\/\/prokrastynator.com.pl\/index.php?rest_route=\/wp\/v2\/types\/page"}],"author":[{"embeddable":true,"href":"https:\/\/prokrastynator.com.pl\/index.php?rest_route=\/wp\/v2\/users\/1"}],"replies":[{"embeddable":true,"href":"https:\/\/prokrastynator.com.pl\/index.php?rest_route=%2Fwp%2Fv2%2Fcomments&post=2"}],"version-history":[{"count":7,"href":"https:\/\/prokrastynator.com.pl\/index.php?rest_route=\/wp\/v2\/pages\/2\/revisions"}],"predecessor-version":[{"id":62,"href":"https:\/\/prokrastynator.com.pl\/index.php?rest_route=\/wp\/v2\/pages\/2\/revisions\/62"}],"wp:attachment":[{"href":"https:\/\/prokrastynator.com.pl\/index.php?rest_route=%2Fwp%2Fv2%2Fmedia&parent=2"}],"curies":[{"name":"wp","href":"https:\/\/api.w.org\/{rel}","templated":true}]}}